{"id":2861,"date":"2018-10-12T12:00:55","date_gmt":"2018-10-12T10:00:55","guid":{"rendered":"https:\/\/www.emodial.it\/alleanza-terapeutica\/"},"modified":"2021-12-16T17:36:03","modified_gmt":"2021-12-16T16:36:03","slug":"alleanza-terapeutica","status":"publish","type":"page","link":"https:\/\/www.emodial.it\/de\/alleanza-terapeutica\/","title":{"rendered":"Therapeutische Allianz"},"content":{"rendered":"<p>[vc_row css_animation=&#8220;&#8220; row_type=&#8220;row&#8220; use_row_as_full_screen_section=&#8220;no&#8220; type=&#8220;full_width&#8220; angled_section=&#8220;no&#8220; text_align=&#8220;left&#8220; background_image_as_pattern=&#8220;without_pattern&#8220;][vc_column][vc_separator type=&#8220;normal&#8220; color=&#8220;#cb0914&#8243; thickness=&#8220;4&#8243; up=&#8220;0&#8243;][layerslider_vc id=&#8220;68&#8243;][\/vc_column][\/vc_row][vc_row css_animation=&#8220;&#8220; row_type=&#8220;row&#8220; use_row_as_full_screen_section=&#8220;no&#8220; type=&#8220;grid&#8220; angled_section=&#8220;no&#8220; text_align=&#8220;left&#8220; background_image_as_pattern=&#8220;without_pattern&#8220; padding_top=&#8220;40&#8243; padding_bottom=&#8220;40&#8243; z_index=&#8220;&#8220;][vc_column][vc_column_text]<\/p>\n<h1>GEMEINSAM EINE GR\u00d6SSERE AUFWERTUNG FORDERN<\/h1>\n<p>&nbsp;<\/p>\n<p>Gemeinsam fordern wir eine Aufwertung des Gesundheitswesens in Italien und in der ganzen Welt.<br \/>\nDas ist die Grundlage f\u00fcr unsere Idee einer therapeutischen Allianz: Die Koordination der Ma\u00dfnahmen aller an der \u00f6ffentlichen Gesundheit Beteiligten, um das Ziel einer besseren Gesundheit f\u00fcr alle zu erreichen.<br \/>\nEine gute Gesundheit kommt der gesamten Gemeinschaft zugute, ist aber nicht selbstverst\u00e4ndlich.<br \/>\nSie ist das t\u00e4gliche Ergebnis gut durchdachter und koordinierter Ma\u00dfnahmen zur Verbreitung und Erhaltung der Gesundheit im im zeitlichen Verlauf.[\/vc_column_text][\/vc_column][\/vc_row][vc_row css_animation=&#8220;&#8220; row_type=&#8220;row&#8220; use_row_as_full_screen_section=&#8220;no&#8220; type=&#8220;grid&#8220; angled_section=&#8220;no&#8220; text_align=&#8220;left&#8220; background_image_as_pattern=&#8220;without_pattern&#8220; padding_bottom=&#8220;40&#8243; z_index=&#8220;&#8220;][vc_column][vc_column_text css=&#8220;.vc_custom_1638368239138{margin-bottom: 40px !important;}&#8220;]<\/p>\n<h2>VORBEUGUNG VON INFEKTIONEN<\/h2>\n<p>[\/vc_column_text][vc_row_inner row_type=&#8220;row&#8220; type=&#8220;full_width&#8220; text_align=&#8220;left&#8220; padding_top=&#8220;20&#8243; css_animation=&#8220;&#8220;][vc_column_inner width=&#8220;1\/2&#8243;][vc_single_image image=&#8220;2180&#8243; img_size=&#8220;large&#8220; qode_css_animation=&#8220;&#8220; qode_hover_animation=&#8220;zoom_in&#8220;][\/vc_column_inner][vc_column_inner width=&#8220;1\/2&#8243;][vc_column_text]<strong>WAS IN ITALIEN ZUR PR\u00c4VENTION VON INFEKTIONEN UNTERNOMMEN WIRD<\/strong><\/p>\n<p>&nbsp;<\/p>\n<p>Die Daten \u00fcber Todesf\u00e4lle durch Krankenhausinfektionen in Italien sind alarmierend.<br \/>\nAus allen Richtungen kommen Forderungen, diesen Trend umzukehren, aber es gibt kritische Fragen zu l\u00f6sen, wie die angemessene Ausbildung des Gesundheitspersonals und der Patienten selbst sowie die Verf\u00fcgbarkeit von Instrumenten, die mit der Innovation Schritt halten, auch im Bereich der Sterilisation.[\/vc_column_text][vc_empty_space]<a  itemprop=\"url\" href=\"https:\/\/www.emodial.it\/de\/infezioni-correlate-allassistenza-cosa-sono-e-cosa-fare\/\" target=\"_self\" data-hover-background-color=#536a7b data-hover-border-color=#536a7b data-hover-color=#ffffff class=\"qbutton  center default area_button\" style=\"color: #536a7b; border-color: #536a7b; border-radius: 4px;-moz-border-radius: 4px;-webkit-border-radius: 4px; background-color: #ffffff;\">Weiterlesen<\/a>[\/vc_column_inner][\/vc_row_inner][vc_column_text css=&#8220;.vc_custom_1637829495011{margin-top: 40px !important;margin-bottom: 40px !important;}&#8220;]<\/p>\n<h2><strong>GESUNDHEITSORGANISATION<\/strong><\/h2>\n<p>[\/vc_column_text][vc_row_inner row_type=&#8220;row&#8220; type=&#8220;full_width&#8220; text_align=&#8220;left&#8220; padding_top=&#8220;40&#8243; css_animation=&#8220;&#8220; css=&#8220;.vc_custom_1558619260964{margin-bottom: 40px !important;}&#8220;][vc_column_inner width=&#8220;1\/2&#8243;][vc_column_text]<strong>Wie man Infektionen und ihre Auswirkungen auf das Gesundheitssystem reduziert<\/strong><\/p>\n<p>&nbsp;<\/p>\n<p>\u201eNull Infektionen als Ziel\u201c: Das ist die Botschaft, die der \u00f6ffentliche Gesundheitsdienst angesichts der alarmierenden Daten \u00fcber Todesf\u00e4lle durch nosokomiale Infektionen im Zusammenhang mit der Pflege und der Antibiotikaresistenz seit einiger Zeit an die einzelnen Einrichtungen in unserem Land richtet.<br \/>\nDieses Thema belastet den Gesundheitshaushalt stark und beeintr\u00e4chtigt die Lebensqualit\u00e4t der B\u00fcrger.[\/vc_column_text][vc_empty_space]<a  itemprop=\"url\" href=\"https:\/\/www.emodial.it\/de\/come-ridurre-le-infezioni-e-il-loro-impatto-sul-sistema-sanitario\/\" target=\"_self\" data-hover-background-color=#536a7b data-hover-border-color=#536a7b data-hover-color=#ffffff class=\"qbutton  center default area_button\" style=\"color: #536a7b; border-color: #536a7b; border-radius: 4px;-moz-border-radius: 4px;-webkit-border-radius: 4px; background-color: #ffffff;\">Weiterlesen<\/a>[\/vc_column_inner][vc_column_inner width=&#8220;1\/2&#8243;][vc_single_image image=&#8220;1012&#8243; img_size=&#8220;large&#8220; alignment=&#8220;right&#8220; onclick=&#8220;link_image&#8220; qode_css_animation=&#8220;&#8220; qode_hover_animation=&#8220;zoom_in&#8220;][\/vc_column_inner][\/vc_row_inner][vc_row_inner row_type=&#8220;row&#8220; type=&#8220;full_width&#8220; text_align=&#8220;left&#8220; padding_top=&#8220;20&#8243; css_animation=&#8220;&#8220;][vc_column_inner width=&#8220;1\/2&#8243;][vc_single_image image=&#8220;2220&#8243; img_size=&#8220;large&#8220; qode_css_animation=&#8220;&#8220; qode_hover_animation=&#8220;zoom_in&#8220;][\/vc_column_inner][vc_column_inner width=&#8220;1\/2&#8243;][vc_column_text]<strong>PR\u00c4VENTION:<\/strong><br \/>\n<strong>WIE KANN DER PATIENT MITWIRKEN?<\/strong><\/p>\n<p>&nbsp;<\/p>\n<p>Auch Patienten k\u00f6nnen aktiv an der Infektionspr\u00e4vention mitwirken.<br \/>\nNeben der pers\u00f6nlichen Hygiene, insbesondere dem h\u00e4ufigen H\u00e4ndewaschen, kann die Kenntnis der m\u00f6glichen Risiken, denen er man unabh\u00e4ngig davon, ob man an einer chronischen Krankheit leidet oder nicht, nicht nur w\u00e4hrend eines Krankenhausaufenthalts, sondern auch im Alltag ausgesetzt ist, dazu beitragen, Risiken vorzubeugen und sofort auf sinnvolle L\u00f6sungen zur\u00fcckzugreifen, um die Infektion so schnell wie m\u00f6glich zu beseitigen.[\/vc_column_text][vc_empty_space]<a  itemprop=\"url\" href=\"https:\/\/www.emodial.it\/de\/la-prevenzione-come-puo-partecipare-il-paziente\/\" target=\"_self\" data-hover-background-color=#536a7b data-hover-border-color=#536a7b data-hover-color=#ffffff class=\"qbutton  center default area_button\" style=\"color: #536a7b; border-color: #536a7b; border-radius: 4px;-moz-border-radius: 4px;-webkit-border-radius: 4px; background-color: #ffffff;\">Weiterlesen<\/a>[\/vc_column_inner][\/vc_row_inner][\/vc_column][\/vc_row][vc_row css_animation=&#8220;&#8220; row_type=&#8220;row&#8220; use_row_as_full_screen_section=&#8220;no&#8220; type=&#8220;grid&#8220; angled_section=&#8220;no&#8220; text_align=&#8220;left&#8220; background_image_as_pattern=&#8220;without_pattern&#8220; padding_top=&#8220;40&#8243; padding_bottom=&#8220;40&#8243; z_index=&#8220;&#8220;][vc_column][vc_column_text css=&#8220;.vc_custom_1639672559165{padding-bottom: 20px !important;}&#8220;]<\/p>\n<h2 style=\"text-align: right;\">N\u00dcTZLICHE ARTIKEL<\/h2>\n<p>[\/vc_column_text][vc_separator type=&#8220;normal&#8220; color=&#8220;#cb0914&#8243; thickness=&#8220;4&#8243; up=&#8220;0&#8243;]<div class='projects_holder_outer justified_gallery '><div class='projects_holder portfolio_main_holder clearfix portfolio_full_image ' data-spacing='10px' data-row-height='200' data-last-row='nojustify' data-justify-threshold='0.75'>\n<article class='portfolio_category_128 ' style=''><a itemprop=\"url\" class=\"portfolio_jg_image_link image_holder default\" href=\"https:\/\/www.emodial.it\/de\/prodotti\/exit-pocket-pt\/\" target=\"_self\"><img width=\"800\" height=\"603\" src=\"https:\/\/www.emodial.it\/wp-content\/uploads\/2020\/01\/exit_pocket_pt.jpg\" class=\"attachment-full size-full wp-post-image\" alt=\"\" loading=\"lazy\" srcset=\"https:\/\/www.emodial.it\/wp-content\/uploads\/2020\/01\/exit_pocket_pt.jpg 800w, https:\/\/www.emodial.it\/wp-content\/uploads\/2020\/01\/exit_pocket_pt-300x226.jpg 300w, https:\/\/www.emodial.it\/wp-content\/uploads\/2020\/01\/exit_pocket_pt-768x579.jpg 768w, https:\/\/www.emodial.it\/wp-content\/uploads\/2020\/01\/exit_pocket_pt-700x528.jpg 700w\" sizes=\"(max-width: 800px) 100vw, 800px\" \/><\/a><span class='text_holder'><span class='text_outer'><span class='text_inner'><div class=\"hover_feature_holder_title\"><div class=\"hover_feature_holder_title_inner\"><span class=\"project_category\" >Peritoneale<\/span><h5 itemprop=\"name\" class=\"portfolio_title entry_title\"><a itemprop=\"url\" href=\"https:\/\/www.emodial.it\/de\/prodotti\/exit-pocket-pt\/\"  target=\"_self\">EXIT-POCKET PT<\/a><\/h5><p>[vc_row css_animation=&#8220;&#8220; row_type=&#8220;row&#8220; use_row_as_full_screen_section=&#8220;no&#8220; type=&#8220;full_width&#8220; angled_section=&#8220;no&#8220; text_align=&#8220;left&#8220; background_image_as_pattern=&#8220;without_pattern&#8220; z_index=&#8220;&#8220;][vc_column][vc_separator type=&#8220;normal&#8220; color=&#8220;#dd3333&#8243; thickness=&#8220;4&#8243; up=&#8220;0&#8243;][layerslider_vc id=&#8220;49&#8243;][\/vc_column][\/vc_row][vc_row css_animation=&#8220;&#8220; row_type=&#8220;row&#8220; use_row_as_full_screen_section=&#8220;no&#8220; type=&#8220;grid&#8220; angled_section=&#8220;no&#8220; text_align=&#8220;left&#8220; background_image_as_pattern=&#8220;without_pattern&#8220; padding_top=&#8220;40&#8243; z_index=&#8220;&#8220;][vc_column][vc_column_text] EXIT-POCKET PT [\/vc_column_text][vc_column_text css=&#8220;.vc_custom_1579596120838{padding-top: 20px !important;}&#8220;]EXIT-POCKET PT \u00e8 una speciale tasca in materiale TNT provvista di una cintura elastica e un sistema di regolazione in velcro. Questa tasca in tessuto non tessuto \u00e8 stata progettata appositamente per contenere i lumi del catetere peritoneale tra una seduta dialitica e l\u2019altra, permettendo la protezione dell\u2019exit-site e assicurando al paziente il massimo comfort. Il valore di EXIT-POCKET PT \u00e8 quello di preservare la cute dallo sfregamento meccanico del catetere e...<\/p><\/div><\/div><span class='feature_holder'><span class=\"feature_holder_icons\"><a itemprop='image' class='lightbox qbutton small white' title='EXIT-POCKET PT' href='https:\/\/www.emodial.it\/wp-content\/uploads\/2020\/01\/exit_pocket_pt.jpg' data-rel='prettyPhoto[pretty_photo_gallery]'>zoom<\/a><\/span><\/span><\/span><\/span><\/span><\/article>\n<\/div><\/div>[\/vc_column][\/vc_row]<\/p>\n","protected":false},"excerpt":{"rendered":"<p>[vc_row css_animation=&#8220;&#8220; row_type=&#8220;row&#8220; use_row_as_full_screen_section=&#8220;no&#8220; type=&#8220;full_width&#8220; angled_section=&#8220;no&#8220; text_align=&#8220;left&#8220; background_image_as_pattern=&#8220;without_pattern&#8220;][vc_column][vc_separator type=&#8220;normal&#8220; color=&#8220;#cb0914&#8243; thickness=&#8220;4&#8243; up=&#8220;0&#8243;][layerslider_vc id=&#8220;68&#8243;][\/vc_column][\/vc_row][vc_row css_animation=&#8220;&#8220; row_type=&#8220;row&#8220; use_row_as_full_screen_section=&#8220;no&#8220; type=&#8220;grid&#8220; angled_section=&#8220;no&#8220; text_align=&#8220;left&#8220; background_image_as_pattern=&#8220;without_pattern&#8220; padding_top=&#8220;40&#8243; padding_bottom=&#8220;40&#8243; z_index=&#8220;&#8220;][vc_column][vc_column_text] GEMEINSAM EINE GR\u00d6SSERE AUFWERTUNG FORDERN &nbsp; Gemeinsam fordern wir eine Aufwertung des Gesundheitswesens in Italien und in der ganzen Welt. Das ist die Grundlage f\u00fcr unsere Idee einer therapeutischen Allianz: Die Koordination der Ma\u00dfnahmen aller an der \u00f6ffentlichen Gesundheit Beteiligten, um das Ziel einer besseren Gesundheit f\u00fcr alle zu erreichen. Eine gute Gesundheit kommt der gesamten Gemeinschaft zugute, ist aber nicht selbstverst\u00e4ndlich. Sie ist das t\u00e4gliche Ergebnis gut durchdachter und koordinierter Ma\u00dfnahmen zur Verbreitung und Erhaltung der&#8230;<\/p>\n","protected":false},"author":2,"featured_media":0,"parent":0,"menu_order":0,"comment_status":"closed","ping_status":"closed","template":"","meta":{"inline_featured_image":false},"aioseo_notices":[],"_links":{"self":[{"href":"https:\/\/www.emodial.it\/de\/wp-json\/wp\/v2\/pages\/2861"}],"collection":[{"href":"https:\/\/www.emodial.it\/de\/wp-json\/wp\/v2\/pages"}],"about":[{"href":"https:\/\/www.emodial.it\/de\/wp-json\/wp\/v2\/types\/page"}],"author":[{"embeddable":true,"href":"https:\/\/www.emodial.it\/de\/wp-json\/wp\/v2\/users\/2"}],"replies":[{"embeddable":true,"href":"https:\/\/www.emodial.it\/de\/wp-json\/wp\/v2\/comments?post=2861"}],"version-history":[{"count":10,"href":"https:\/\/www.emodial.it\/de\/wp-json\/wp\/v2\/pages\/2861\/revisions"}],"predecessor-version":[{"id":3060,"href":"https:\/\/www.emodial.it\/de\/wp-json\/wp\/v2\/pages\/2861\/revisions\/3060"}],"wp:attachment":[{"href":"https:\/\/www.emodial.it\/de\/wp-json\/wp\/v2\/media?parent=2861"}],"curies":[{"name":"wp","href":"https:\/\/api.w.org\/{rel}","templated":true}]}}

<p>[vc_row css_animation=&#8220;&#8220; row_type=&#8220;row&#8220; use_row_as_full_screen_section=&#8220;no&#8220; type=&#8220;full_width&#8220; angled_section=&#8220;no&#8220; text_align=&#8220;left&#8220; background_image_as_pattern=&#8220;without_pattern&#8220;][vc_column][vc_separator type=&#8220;normal&#8220; color=&#8220;#cb0914&#8243; thickness=&#8220;4&#8243; up=&#8220;0&#8243;][layerslider_vc id=&#8220;68&#8243;][/vc_column][/vc_row][vc_row css_animation=&#8220;&#8220; row_type=&#8220;row&#8220; use_row_as_full_screen_section=&#8220;no&#8220; type=&#8220;grid&#8220; angled_section=&#8220;no&#8220; text_align=&#8220;left&#8220; background_image_as_pattern=&#8220;without_pattern&#8220; padding_top=&#8220;40&#8243; padding_bottom=&#8220;40&#8243; z_index=&#8220;&#8220;][vc_column][vc_column_text]</p>
<h1>GEMEINSAM EINE GRÖSSERE AUFWERTUNG FORDERN</h1>
<p>&nbsp;</p>
<p>Gemeinsam fordern wir eine Aufwertung des Gesundheitswesens in Italien und in der ganzen Welt.<br />
Das ist die Grundlage für unsere Idee einer therapeutischen Allianz: Die Koordination der Maßnahmen aller an der öffentlichen Gesundheit Beteiligten, um das Ziel einer besseren Gesundheit für alle zu erreichen.<br />
Eine gute Gesundheit kommt der gesamten Gemeinschaft zugute, ist aber nicht selbstverständlich.<br />
Sie ist das tägliche Ergebnis gut durchdachter und koordinierter Maßnahmen zur Verbreitung und Erhaltung der Gesundheit im im zeitlichen Verlauf.[/vc_column_text][/vc_column][/vc_row][vc_row css_animation=&#8220;&#8220; row_type=&#8220;row&#8220; use_row_as_full_screen_section=&#8220;no&#8220; type=&#8220;grid&#8220; angled_section=&#8220;no&#8220; text_align=&#8220;left&#8220; background_image_as_pattern=&#8220;without_pattern&#8220; padding_bottom=&#8220;40&#8243; z_index=&#8220;&#8220;][vc_column][vc_column_text css=&#8220;.vc_custom_1638368239138{margin-bottom: 40px !important;}&#8220;]</p>
<h2>VORBEUGUNG VON INFEKTIONEN</h2>
<p>[/vc_column_text][vc_row_inner row_type=&#8220;row&#8220; type=&#8220;full_width&#8220; text_align=&#8220;left&#8220; padding_top=&#8220;20&#8243; css_animation=&#8220;&#8220;][vc_column_inner width=&#8220;1/2&#8243;][vc_single_image image=&#8220;2180&#8243; img_size=&#8220;large&#8220; qode_css_animation=&#8220;&#8220; qode_hover_animation=&#8220;zoom_in&#8220;][/vc_column_inner][vc_column_inner width=&#8220;1/2&#8243;][vc_column_text]<strong>WAS IN ITALIEN ZUR PRÄVENTION VON INFEKTIONEN UNTERNOMMEN WIRD</strong></p>
<p>&nbsp;</p>
<p>Die Daten über Todesfälle durch Krankenhausinfektionen in Italien sind alarmierend.<br />
Aus allen Richtungen kommen Forderungen, diesen Trend umzukehren, aber es gibt kritische Fragen zu lösen, wie die angemessene Ausbildung des Gesundheitspersonals und der Patienten selbst sowie die Verfügbarkeit von Instrumenten, die mit der Innovation Schritt halten, auch im Bereich der Sterilisation.[/vc_column_text][vc_empty_space]<a  itemprop="url" href="https://www.emodial.it/de/infezioni-correlate-allassistenza-cosa-sono-e-cosa-fare/" target="_self" data-hover-background-color=#536a7b data-hover-border-color=#536a7b data-hover-color=#ffffff class="qbutton  center default area_button" style="color: #536a7b; border-color: #536a7b; border-radius: 4px;-moz-border-radius: 4px;-webkit-border-radius: 4px; background-color: #ffffff;">Weiterlesen</a>[/vc_column_inner][/vc_row_inner][vc_column_text css=&#8220;.vc_custom_1637829495011{margin-top: 40px !important;margin-bottom: 40px !important;}&#8220;]</p>
<h2><strong>GESUNDHEITSORGANISATION</strong></h2>
<p>[/vc_column_text][vc_row_inner row_type=&#8220;row&#8220; type=&#8220;full_width&#8220; text_align=&#8220;left&#8220; padding_top=&#8220;40&#8243; css_animation=&#8220;&#8220; css=&#8220;.vc_custom_1558619260964{margin-bottom: 40px !important;}&#8220;][vc_column_inner width=&#8220;1/2&#8243;][vc_column_text]<strong>Wie man Infektionen und ihre Auswirkungen auf das Gesundheitssystem reduziert</strong></p>
<p>&nbsp;</p>
<p>„Null Infektionen als Ziel“: Das ist die Botschaft, die der öffentliche Gesundheitsdienst angesichts der alarmierenden Daten über Todesfälle durch nosokomiale Infektionen im Zusammenhang mit der Pflege und der Antibiotikaresistenz seit einiger Zeit an die einzelnen Einrichtungen in unserem Land richtet.<br />
Dieses Thema belastet den Gesundheitshaushalt stark und beeinträchtigt die Lebensqualität der Bürger.[/vc_column_text][vc_empty_space]<a  itemprop="url" href="https://www.emodial.it/de/come-ridurre-le-infezioni-e-il-loro-impatto-sul-sistema-sanitario/" target="_self" data-hover-background-color=#536a7b data-hover-border-color=#536a7b data-hover-color=#ffffff class="qbutton  center default area_button" style="color: #536a7b; border-color: #536a7b; border-radius: 4px;-moz-border-radius: 4px;-webkit-border-radius: 4px; background-color: #ffffff;">Weiterlesen</a>[/vc_column_inner][vc_column_inner width=&#8220;1/2&#8243;][vc_single_image image=&#8220;1012&#8243; img_size=&#8220;large&#8220; alignment=&#8220;right&#8220; onclick=&#8220;link_image&#8220; qode_css_animation=&#8220;&#8220; qode_hover_animation=&#8220;zoom_in&#8220;][/vc_column_inner][/vc_row_inner][vc_row_inner row_type=&#8220;row&#8220; type=&#8220;full_width&#8220; text_align=&#8220;left&#8220; padding_top=&#8220;20&#8243; css_animation=&#8220;&#8220;][vc_column_inner width=&#8220;1/2&#8243;][vc_single_image image=&#8220;2220&#8243; img_size=&#8220;large&#8220; qode_css_animation=&#8220;&#8220; qode_hover_animation=&#8220;zoom_in&#8220;][/vc_column_inner][vc_column_inner width=&#8220;1/2&#8243;][vc_column_text]<strong>PRÄVENTION:</strong><br />
<strong>WIE KANN DER PATIENT MITWIRKEN?</strong></p>
<p>&nbsp;</p>
<p>Auch Patienten können aktiv an der Infektionsprävention mitwirken.<br />
Neben der persönlichen Hygiene, insbesondere dem häufigen Händewaschen, kann die Kenntnis der möglichen Risiken, denen er man unabhängig davon, ob man an einer chronischen Krankheit leidet oder nicht, nicht nur während eines Krankenhausaufenthalts, sondern auch im Alltag ausgesetzt ist, dazu beitragen, Risiken vorzubeugen und sofort auf sinnvolle Lösungen zurückzugreifen, um die Infektion so schnell wie möglich zu beseitigen.[/vc_column_text][vc_empty_space]<a  itemprop="url" href="https://www.emodial.it/de/la-prevenzione-come-puo-partecipare-il-paziente/" target="_self" data-hover-background-color=#536a7b data-hover-border-color=#536a7b data-hover-color=#ffffff class="qbutton  center default area_button" style="color: #536a7b; border-color: #536a7b; border-radius: 4px;-moz-border-radius: 4px;-webkit-border-radius: 4px; background-color: #ffffff;">Weiterlesen</a>[/vc_column_inner][/vc_row_inner][/vc_column][/vc_row][vc_row css_animation=&#8220;&#8220; row_type=&#8220;row&#8220; use_row_as_full_screen_section=&#8220;no&#8220; type=&#8220;grid&#8220; angled_section=&#8220;no&#8220; text_align=&#8220;left&#8220; background_image_as_pattern=&#8220;without_pattern&#8220; padding_top=&#8220;40&#8243; padding_bottom=&#8220;40&#8243; z_index=&#8220;&#8220;][vc_column][vc_column_text css=&#8220;.vc_custom_1639672559165{padding-bottom: 20px !important;}&#8220;]</p>
<h2 style="text-align: right;">NÜTZLICHE ARTIKEL</h2>
<p>[/vc_column_text][vc_separator type=&#8220;normal&#8220; color=&#8220;#cb0914&#8243; thickness=&#8220;4&#8243; up=&#8220;0&#8243;]<div class='projects_holder_outer justified_gallery '><div class='projects_holder portfolio_main_holder clearfix portfolio_full_image ' data-spacing='10px' data-row-height='200' data-last-row='nojustify' data-justify-threshold='0.75'>
<article class='portfolio_category_128 ' style=''><a itemprop="url" class="portfolio_jg_image_link image_holder default" href="https://www.emodial.it/de/prodotti/exit-pocket-pt/" target="_self"><img width="800" height="603" src="https://www.emodial.it/wp-content/uploads/2020/01/exit_pocket_pt.jpg" class="attachment-full size-full wp-post-image" alt="" loading="lazy" srcset="https://www.emodial.it/wp-content/uploads/2020/01/exit_pocket_pt.jpg 800w, https://www.emodial.it/wp-content/uploads/2020/01/exit_pocket_pt-300x226.jpg 300w, https://www.emodial.it/wp-content/uploads/2020/01/exit_pocket_pt-768x579.jpg 768w, https://www.emodial.it/wp-content/uploads/2020/01/exit_pocket_pt-700x528.jpg 700w" sizes="(max-width: 800px) 100vw, 800px" /></a><span class='text_holder'><span class='text_outer'><span class='text_inner'><div class="hover_feature_holder_title"><div class="hover_feature_holder_title_inner"><span class="project_category" >Peritoneale</span><h5 itemprop="name" class="portfolio_title entry_title"><a itemprop="url" href="https://www.emodial.it/de/prodotti/exit-pocket-pt/"  target="_self">EXIT-POCKET PT</a></h5><p>[vc_row css_animation=&#8220;&#8220; row_type=&#8220;row&#8220; use_row_as_full_screen_section=&#8220;no&#8220; type=&#8220;full_width&#8220; angled_section=&#8220;no&#8220; text_align=&#8220;left&#8220; background_image_as_pattern=&#8220;without_pattern&#8220; z_index=&#8220;&#8220;][vc_column][vc_separator type=&#8220;normal&#8220; color=&#8220;#dd3333&#8243; thickness=&#8220;4&#8243; up=&#8220;0&#8243;][layerslider_vc id=&#8220;49&#8243;][/vc_column][/vc_row][vc_row css_animation=&#8220;&#8220; row_type=&#8220;row&#8220; use_row_as_full_screen_section=&#8220;no&#8220; type=&#8220;grid&#8220; angled_section=&#8220;no&#8220; text_align=&#8220;left&#8220; background_image_as_pattern=&#8220;without_pattern&#8220; padding_top=&#8220;40&#8243; z_index=&#8220;&#8220;][vc_column][vc_column_text] EXIT-POCKET PT [/vc_column_text][vc_column_text css=&#8220;.vc_custom_1579596120838{padding-top: 20px !important;}&#8220;]EXIT-POCKET PT è una speciale tasca in materiale TNT provvista di una cintura elastica e un sistema di regolazione in velcro. Questa tasca in tessuto non tessuto è stata progettata appositamente per contenere i lumi del catetere peritoneale tra una seduta dialitica e l’altra, permettendo la protezione dell’exit-site e assicurando al paziente il massimo comfort. Il valore di EXIT-POCKET PT è quello di preservare la cute dallo sfregamento meccanico del catetere e...</p></div></div><span class='feature_holder'><span class="feature_holder_icons"><a itemprop='image' class='lightbox qbutton small white' title='EXIT-POCKET PT' href='https://www.emodial.it/wp-content/uploads/2020/01/exit_pocket_pt.jpg' data-rel='prettyPhoto[pretty_photo_gallery]'>zoom</a></span></span></span></span></span></article>
</div></div>[/vc_column][/vc_row]</p>

<p>[vc_row css_animation=&#8220;&#8220; row_type=&#8220;row&#8220; use_row_as_full_screen_section=&#8220;no&#8220; type=&#8220;full_width&#8220; angled_section=&#8220;no&#8220; text_align=&#8220;left&#8220; background_image_as_pattern=&#8220;without_pattern&#8220;][vc_column][vc_separator type=&#8220;normal&#8220; color=&#8220;#cb0914&#8243; thickness=&#8220;4&#8243; up=&#8220;0&#8243;][layerslider_vc id=&#8220;68&#8243;][/vc_column][/vc_row][vc_row css_animation=&#8220;&#8220; row_type=&#8220;row&#8220; use_row_as_full_screen_section=&#8220;no&#8220; type=&#8220;grid&#8220; angled_section=&#8220;no&#8220; text_align=&#8220;left&#8220; background_image_as_pattern=&#8220;without_pattern&#8220; padding_top=&#8220;40&#8243; padding_bottom=&#8220;40&#8243; z_index=&#8220;&#8220;][vc_column][vc_column_text] GEMEINSAM EINE GRÖSSERE AUFWERTUNG FORDERN &nbsp; Gemeinsam fordern wir eine Aufwertung des Gesundheitswesens in Italien und in der ganzen Welt. Das ist die Grundlage für unsere Idee einer therapeutischen Allianz: Die Koordination der Maßnahmen aller an der öffentlichen Gesundheit Beteiligten, um das Ziel einer besseren Gesundheit für alle zu erreichen. Eine gute Gesundheit kommt der gesamten Gemeinschaft zugute, ist aber nicht selbstverständlich. Sie ist das tägliche Ergebnis gut durchdachter und koordinierter Maßnahmen zur Verbreitung und Erhaltung der&#8230;</p>
